{"id":80,"date":"2020-08-31T08:27:58","date_gmt":"2020-08-31T08:27:58","guid":{"rendered":"https:\/\/cregantesmariamagdalena.com\/?page_id=80"},"modified":"2021-02-08T17:34:54","modified_gmt":"2021-02-08T17:34:54","slug":"historia","status":"publish","type":"page","link":"https:\/\/cregantesmariamagdalena.com\/index.php\/historia\/","title":{"rendered":"Historia"},"content":{"rendered":"\n<p>La Comunidad de Regantes Santa Mar\u00eda Magdalena est\u00e1 formada por fincas agr\u00edcolas pertenecientes a los t\u00e9rminos municipales de Meng\u00edbar, Cazalilla y Ja\u00e9n cuya superficie asciende en la actualidad a 6000 hect\u00e1reas.<\/p>\n\n\n\n<p>Se constituye por Orden Ministerial de uno de diciembre de 1975 mediante el Plan de Mejoras Territoriales y Obras de la zona ejecutadas por el Instituto Nacional de Reforma y Desarrollo Agrario a la Zona de Concentraci\u00f3n Parcelaria de Meng\u00edbar, (Ja\u00e9n).<\/p>\n\n\n\n<div class=\"wp-block-image\"><figure class=\"aligncenter size-large\"><img fetchpriority=\"high\" decoding=\"async\" width=\"640\" height=\"480\" src=\"https:\/\/cregantesmariamagdalena.com\/wp-content\/uploads\/2021\/02\/la-foto-10.jpg\" alt=\"\" class=\"wp-image-148\" srcset=\"https:\/\/cregantesmariamagdalena.com\/wp-content\/uploads\/2021\/02\/la-foto-10.jpg 640w, https:\/\/cregantesmariamagdalena.com\/wp-content\/uploads\/2021\/02\/la-foto-10-300x225.jpg 300w\" sizes=\"(max-width: 640px) 100vw, 640px\" \/><\/figure><\/div>\n\n\n\n<p>Actualmente dispone de la concesi\u00f3n de aguas inscrita en la Confederaci\u00f3n Hidrogr\u00e1fica del Guadalquivir con Numero de Registro\u2026<strong> <\/strong>TC-01\/2112 de fecha 28-09-2011.<\/p>\n\n\n\n<p>Podemos dividir la historia de la Comunidad en dos etapas bien diferenciadas, as\u00ed la primera abarcar\u00eda la puesta en riego de 3500 hect\u00e1reas del t\u00e9rmino municipal de Meng\u00edbar y la segunda etapa ser\u00eda la puesta en riego por consolidaci\u00f3n de la zona correspondiente a los t\u00e9rminos municipales de Cazalilla y Ja\u00e9n llegando a un total de 6000 hect\u00e1reas.<\/p>\n\n\n\n<p>Fue esta Comunidad el sue\u00f1o de un grupo de agricultores que sintieron la necesidad de utilizar las aguas del gran rio de Andaluc\u00eda, el Guadalquivir, para calmar la sed secular de estas feraces campi\u00f1as de Meng\u00edbar.<\/p>\n\n\n\n<p>Cronol\u00f3gicamente se puede establecer que es a comienzo de los a\u00f1os 70 del siglo pasado cuando empieza la inquietud para constituir la comunidad de regantes, en esta \u00e9poca se acababan de terminar las obras de regad\u00edo que impulsadas por el Plan Ja\u00e9n dieron lugar a la puesta en riego de fincas agr\u00edcolas colindantes con el r\u00edo Guadalquivir conocidas como Zona de Vegas y que supusieron un gran alivio para la maltrecha econom\u00eda de nuestra provincia de Ja\u00e9n.<\/p>\n\n\n\n<p>Los nuevos riegos eran un sue\u00f1o inalcanzable, pensemos que, en aquella \u00e9poca, debido a las limitaciones t\u00e9cnicas, as\u00ed como escasez presupuestaria solamente era posible regar las zonas colindantes con los r\u00edos, pero aqu\u00ed se trataba de impulsar el agua a una altura manom\u00e9trica de 150 metros y a una distancia de 2500 metros de la toma del rio, es decir que el proyecto parec\u00eda a todas luces inviable.<\/p>\n\n\n\n<div class=\"wp-block-image\"><figure class=\"aligncenter size-large\"><img decoding=\"async\" width=\"480\" height=\"640\" src=\"https:\/\/cregantesmariamagdalena.com\/wp-content\/uploads\/2021\/02\/la-foto-4-rotated.jpg\" alt=\"\" class=\"wp-image-142\" srcset=\"https:\/\/cregantesmariamagdalena.com\/wp-content\/uploads\/2021\/02\/la-foto-4-rotated.jpg 480w, https:\/\/cregantesmariamagdalena.com\/wp-content\/uploads\/2021\/02\/la-foto-4-225x300.jpg 225w\" sizes=\"(max-width: 480px) 100vw, 480px\" \/><\/figure><\/div>\n\n\n\n<p>&nbsp;&nbsp;&nbsp;&nbsp;&nbsp;&nbsp;&nbsp;&nbsp;&nbsp;&nbsp;&nbsp; Pero fue el sue\u00f1o, el empuje y la constancia de unos pocos agricultores los que con sus desvelos e iniciativas y llamando a las puertas de todas las Administraciones lograron cumplir con un sue\u00f1o que supuso la transformaci\u00f3n en regad\u00edo de 3500 hect\u00e1reas del termino de Meng\u00edbar.<\/p>\n\n\n\n<p>&nbsp;&nbsp;&nbsp;&nbsp;&nbsp;&nbsp;&nbsp;&nbsp;&nbsp;&nbsp;&nbsp; Ser\u00eda inacabable hacer menci\u00f3n de las vicisitudes por las&nbsp; que pas\u00f3 esta gran obra, la cual fue precedida por la reorganizaci\u00f3n de la propiedad mediante la ley de Concentraci\u00f3n Parcelaria, que supuso que la excesiva atomizaci\u00f3n y divisi\u00f3n de las fincas agr\u00edcolas del termino de Meng\u00edbar, pensemos que hab\u00eda unos 700 comuneros propietarios de las 3500 hect\u00e1reas, es decir un minifundismo de la propiedad que era necesario corregir, mediante ese importante instrumento jur\u00eddico de la concentraci\u00f3n parcelaria, que inclu\u00edan la ejecuci\u00f3n de una importante red de caminos as\u00ed como la actualizaci\u00f3n de los t\u00edtulos de propiedad y la adjudicaci\u00f3n de las distintas fincas de un propietario en una sola finca denominadas finca de remplazo, increment\u00e1ndose la rentabilidad econ\u00f3mica y dando soluci\u00f3n a un problema end\u00e9mico del termino de Meng\u00edbar como era el fraccionamiento excesivo de la propiedad.<\/p>\n\n\n\n<p>&nbsp;&nbsp;&nbsp;&nbsp;&nbsp;&nbsp;&nbsp;&nbsp;&nbsp;&nbsp;&nbsp; Las obras de esta primera etapa se inauguraron en el a\u00f1o 1986 y pronto se vieron sus grandes deficiencias tanto de dise\u00f1o del proyecto como de la ejecuci\u00f3n, cundiendo el des\u00e1nimo entre los agricultores que ve\u00edan que iban a llevar la raz\u00f3n los negacioncitas y que el riego de Meng\u00edbar \u201cno iba a funcionar\u201d.<\/p>\n\n\n\n<p>&nbsp;&nbsp;&nbsp;&nbsp;&nbsp;&nbsp;&nbsp;&nbsp;&nbsp;&nbsp;&nbsp; Ante estas circunstancias se redoblo el esfuerzo de ese peque\u00f1o grupo de agricultores y con sus exigencias a las distintas Administraciones as\u00ed como ante los distintos Juzgados fueron solucion\u00e1ndose los graves problemas de la obra ejecutada y poco a poco se pas\u00f3 a reformar la obra proyectada y su adecuaci\u00f3n al fin para el que se hab\u00eda proyectado.<\/p>\n\n\n\n<p>&nbsp;&nbsp;&nbsp;&nbsp;&nbsp;&nbsp;&nbsp;&nbsp;&nbsp;&nbsp;&nbsp; No quisiera terminar esta primera etapa sin hacer menci\u00f3n de dos aspectos importantes de la ejecuci\u00f3n de esta obra, &nbsp;una fue la construcci\u00f3n de la&nbsp; balsa de regulaci\u00f3n \u201cRAMON DIAZ LOPEZ\u201d inaugurada el 3 de septiembre de 1993 en agradecimiento a uno de los mayores art\u00edfices de la puesta en riego de esta Comunidad, &nbsp;cuya finalidad era la de poder tener disponibilidad de agua las 24 horas del d\u00eda durante los 365 d\u00edas del a\u00f1o y otra no menos importante fue la instalaci\u00f3n de contadores de agua en cada parcela con lo cual el comunero pod\u00eda disponer no solo del agua en cualquier \u00e9poca del a\u00f1o si no su cantidad es decir lo que se conoce por riego a la demanda, esto en aquella \u00e9poca supuso un ahorro importante en el consumo del agua y un uso eficiente de este escaso recurso que es el agua.<\/p>\n\n\n\n<p>&nbsp;&nbsp;&nbsp;&nbsp;&nbsp;&nbsp;&nbsp;&nbsp;&nbsp;&nbsp;&nbsp; Pasando ya a la segunda etapa y debido a este control del agua por los contadores, supuso un importante ahorro del agua. A principio del a\u00f1o 2000 se estaba hablando de que aquellas comunidades que no hicieran uso de su dotaci\u00f3n de agua pod\u00edan ver reducida la misma y esta agua (que tanto esfuerzo hab\u00eda costado conseguir) pasase a otras zonas de la Cuenca.<\/p>\n\n\n\n<p>&nbsp;&nbsp;&nbsp;&nbsp;&nbsp;&nbsp;&nbsp;&nbsp;&nbsp;&nbsp;&nbsp; A la vista de esta circunstancia se iniciaron las gestiones oportunas y el d\u00eda 28 de julio del a\u00f1o 2005 mediante Acuerdo de la Junta de Gobierno de la Confederaci\u00f3n Hidrogr\u00e1fica del Guadalquivir se aprob\u00f3 la Consolidaci\u00f3n de la Zona Regable de la Comunidad de Santa Mar\u00eda Magdalena en 2.500 hect\u00e1reas sin incremento de recurso en base a ahorro por modernizaci\u00f3n.<\/p>\n\n\n\n<p>&nbsp;&nbsp;&nbsp;&nbsp;&nbsp;&nbsp;&nbsp;&nbsp;&nbsp;&nbsp;&nbsp; A partir de ahora se realizan las obras de los proyectos de los Sectores IV y V de la Comunidad, obra que en la actualidad se est\u00e1 finalizando y que ha supuesto la consolidaci\u00f3n de 2500 hect\u00e1reas y que el agua que tanto costo conseguir a esta Comunidad revierta en beneficio de los agricultores de los t\u00e9rminos vecinos de Cazalilla y Ja\u00e9n.<\/p>\n\n\n\n<p>&nbsp;&nbsp;&nbsp;&nbsp;&nbsp;&nbsp;&nbsp;&nbsp;&nbsp;&nbsp;&nbsp; En la actualidad y con el fin de adecuarnos en los nuevos tiempos y evitar en lo posible la dependencia energ\u00e9tica, se est\u00e1 proyectando la instalaci\u00f3n de una Planta Fotovoltaica cuya finalidad es reducir los importantes costes energ\u00e9ticos al que est\u00e1 sometido todo el sistema econ\u00f3mico del pa\u00eds y que afecta de una manera muy importante a las comunidades de regantes.&nbsp; &nbsp;<\/p>\n","protected":false},"excerpt":{"rendered":"<p>La Comunidad de Regantes Santa Mar\u00eda Magdalena est\u00e1 formada por fincas agr\u00edcolas pertenecientes a los t\u00e9rminos municipales de Meng\u00edbar, Cazalilla y Ja\u00e9n cuya superficie asciende&hellip;<\/p>\n","protected":false},"author":1,"featured_media":0,"parent":0,"menu_order":0,"comment_status":"closed","ping_status":"closed","template":"","meta":{"footnotes":""},"class_list":["post-80","page","type-page","status-publish","hentry"],"jetpack_sharing_enabled":true,"_links":{"self":[{"href":"https:\/\/cregantesmariamagdalena.com\/index.php\/wp-json\/wp\/v2\/pages\/80","targetHints":{"allow":["GET"]}}],"collection":[{"href":"https:\/\/cregantesmariamagdalena.com\/index.php\/wp-json\/wp\/v2\/pages"}],"about":[{"href":"https:\/\/cregantesmariamagdalena.com\/index.php\/wp-json\/wp\/v2\/types\/page"}],"author":[{"embeddable":true,"href":"https:\/\/cregantesmariamagdalena.com\/index.php\/wp-json\/wp\/v2\/users\/1"}],"replies":[{"embeddable":true,"href":"https:\/\/cregantesmariamagdalena.com\/index.php\/wp-json\/wp\/v2\/comments?post=80"}],"version-history":[{"count":3,"href":"https:\/\/cregantesmariamagdalena.com\/index.php\/wp-json\/wp\/v2\/pages\/80\/revisions"}],"predecessor-version":[{"id":151,"href":"https:\/\/cregantesmariamagdalena.com\/index.php\/wp-json\/wp\/v2\/pages\/80\/revisions\/151"}],"wp:attachment":[{"href":"https:\/\/cregantesmariamagdalena.com\/index.php\/wp-json\/wp\/v2\/media?parent=80"}],"curies":[{"name":"wp","href":"https:\/\/api.w.org\/{rel}","templated":true}]}}

<p>La Comunidad de Regantes Santa María Magdalena está formada por fincas agrícolas pertenecientes a los términos municipales de Mengíbar, Cazalilla y Jaén cuya superficie asciende en la actualidad a 6000 hectáreas.</p>



<p>Se constituye por Orden Ministerial de uno de diciembre de 1975 mediante el Plan de Mejoras Territoriales y Obras de la zona ejecutadas por el Instituto Nacional de Reforma y Desarrollo Agrario a la Zona de Concentración Parcelaria de Mengíbar, (Jaén).</p>



<div class="wp-block-image"><figure class="aligncenter size-large"><img fetchpriority="high" decoding="async" width="640" height="480" src="https://cregantesmariamagdalena.com/wp-content/uploads/2021/02/la-foto-10.jpg" alt="" class="wp-image-148" srcset="https://cregantesmariamagdalena.com/wp-content/uploads/2021/02/la-foto-10.jpg 640w, https://cregantesmariamagdalena.com/wp-content/uploads/2021/02/la-foto-10-300x225.jpg 300w" sizes="(max-width: 640px) 100vw, 640px" /></figure></div>



<p>Actualmente dispone de la concesión de aguas inscrita en la Confederación Hidrográfica del Guadalquivir con Numero de Registro…<strong> </strong>TC-01/2112 de fecha 28-09-2011.</p>



<p>Podemos dividir la historia de la Comunidad en dos etapas bien diferenciadas, así la primera abarcaría la puesta en riego de 3500 hectáreas del término municipal de Mengíbar y la segunda etapa sería la puesta en riego por consolidación de la zona correspondiente a los términos municipales de Cazalilla y Jaén llegando a un total de 6000 hectáreas.</p>



<p>Fue esta Comunidad el sueño de un grupo de agricultores que sintieron la necesidad de utilizar las aguas del gran rio de Andalucía, el Guadalquivir, para calmar la sed secular de estas feraces campiñas de Mengíbar.</p>



<p>Cronológicamente se puede establecer que es a comienzo de los años 70 del siglo pasado cuando empieza la inquietud para constituir la comunidad de regantes, en esta época se acababan de terminar las obras de regadío que impulsadas por el Plan Jaén dieron lugar a la puesta en riego de fincas agrícolas colindantes con el río Guadalquivir conocidas como Zona de Vegas y que supusieron un gran alivio para la maltrecha economía de nuestra provincia de Jaén.</p>



<p>Los nuevos riegos eran un sueño inalcanzable, pensemos que, en aquella época, debido a las limitaciones técnicas, así como escasez presupuestaria solamente era posible regar las zonas colindantes con los ríos, pero aquí se trataba de impulsar el agua a una altura manométrica de 150 metros y a una distancia de 2500 metros de la toma del rio, es decir que el proyecto parecía a todas luces inviable.</p>



<div class="wp-block-image"><figure class="aligncenter size-large"><img decoding="async" width="480" height="640" src="https://cregantesmariamagdalena.com/wp-content/uploads/2021/02/la-foto-4-rotated.jpg" alt="" class="wp-image-142" srcset="https://cregantesmariamagdalena.com/wp-content/uploads/2021/02/la-foto-4-rotated.jpg 480w, https://cregantesmariamagdalena.com/wp-content/uploads/2021/02/la-foto-4-225x300.jpg 225w" sizes="(max-width: 480px) 100vw, 480px" /></figure></div>



<p>&nbsp;&nbsp;&nbsp;&nbsp;&nbsp;&nbsp;&nbsp;&nbsp;&nbsp;&nbsp;&nbsp; Pero fue el sueño, el empuje y la constancia de unos pocos agricultores los que con sus desvelos e iniciativas y llamando a las puertas de todas las Administraciones lograron cumplir con un sueño que supuso la transformación en regadío de 3500 hectáreas del termino de Mengíbar.</p>



<p>&nbsp;&nbsp;&nbsp;&nbsp;&nbsp;&nbsp;&nbsp;&nbsp;&nbsp;&nbsp;&nbsp; Sería inacabable hacer mención de las vicisitudes por las&nbsp; que pasó esta gran obra, la cual fue precedida por la reorganización de la propiedad mediante la ley de Concentración Parcelaria, que supuso que la excesiva atomización y división de las fincas agrícolas del termino de Mengíbar, pensemos que había unos 700 comuneros propietarios de las 3500 hectáreas, es decir un minifundismo de la propiedad que era necesario corregir, mediante ese importante instrumento jurídico de la concentración parcelaria, que incluían la ejecución de una importante red de caminos así como la actualización de los títulos de propiedad y la adjudicación de las distintas fincas de un propietario en una sola finca denominadas finca de remplazo, incrementándose la rentabilidad económica y dando solución a un problema endémico del termino de Mengíbar como era el fraccionamiento excesivo de la propiedad.</p>



<p>&nbsp;&nbsp;&nbsp;&nbsp;&nbsp;&nbsp;&nbsp;&nbsp;&nbsp;&nbsp;&nbsp; Las obras de esta primera etapa se inauguraron en el año 1986 y pronto se vieron sus grandes deficiencias tanto de diseño del proyecto como de la ejecución, cundiendo el desánimo entre los agricultores que veían que iban a llevar la razón los negacioncitas y que el riego de Mengíbar “no iba a funcionar”.</p>



<p>&nbsp;&nbsp;&nbsp;&nbsp;&nbsp;&nbsp;&nbsp;&nbsp;&nbsp;&nbsp;&nbsp; Ante estas circunstancias se redoblo el esfuerzo de ese pequeño grupo de agricultores y con sus exigencias a las distintas Administraciones así como ante los distintos Juzgados fueron solucionándose los graves problemas de la obra ejecutada y poco a poco se pasó a reformar la obra proyectada y su adecuación al fin para el que se había proyectado.</p>



<p>&nbsp;&nbsp;&nbsp;&nbsp;&nbsp;&nbsp;&nbsp;&nbsp;&nbsp;&nbsp;&nbsp; No quisiera terminar esta primera etapa sin hacer mención de dos aspectos importantes de la ejecución de esta obra, &nbsp;una fue la construcción de la&nbsp; balsa de regulación “RAMON DIAZ LOPEZ” inaugurada el 3 de septiembre de 1993 en agradecimiento a uno de los mayores artífices de la puesta en riego de esta Comunidad, &nbsp;cuya finalidad era la de poder tener disponibilidad de agua las 24 horas del día durante los 365 días del año y otra no menos importante fue la instalación de contadores de agua en cada parcela con lo cual el comunero podía disponer no solo del agua en cualquier época del año si no su cantidad es decir lo que se conoce por riego a la demanda, esto en aquella época supuso un ahorro importante en el consumo del agua y un uso eficiente de este escaso recurso que es el agua.</p>



<p>&nbsp;&nbsp;&nbsp;&nbsp;&nbsp;&nbsp;&nbsp;&nbsp;&nbsp;&nbsp;&nbsp; Pasando ya a la segunda etapa y debido a este control del agua por los contadores, supuso un importante ahorro del agua. A principio del año 2000 se estaba hablando de que aquellas comunidades que no hicieran uso de su dotación de agua podían ver reducida la misma y esta agua (que tanto esfuerzo había costado conseguir) pasase a otras zonas de la Cuenca.</p>



<p>&nbsp;&nbsp;&nbsp;&nbsp;&nbsp;&nbsp;&nbsp;&nbsp;&nbsp;&nbsp;&nbsp; A la vista de esta circunstancia se iniciaron las gestiones oportunas y el día 28 de julio del año 2005 mediante Acuerdo de la Junta de Gobierno de la Confederación Hidrográfica del Guadalquivir se aprobó la Consolidación de la Zona Regable de la Comunidad de Santa María Magdalena en 2.500 hectáreas sin incremento de recurso en base a ahorro por modernización.</p>



<p>&nbsp;&nbsp;&nbsp;&nbsp;&nbsp;&nbsp;&nbsp;&nbsp;&nbsp;&nbsp;&nbsp; A partir de ahora se realizan las obras de los proyectos de los Sectores IV y V de la Comunidad, obra que en la actualidad se está finalizando y que ha supuesto la consolidación de 2500 hectáreas y que el agua que tanto costo conseguir a esta Comunidad revierta en beneficio de los agricultores de los términos vecinos de Cazalilla y Jaén.</p>



<p>&nbsp;&nbsp;&nbsp;&nbsp;&nbsp;&nbsp;&nbsp;&nbsp;&nbsp;&nbsp;&nbsp; En la actualidad y con el fin de adecuarnos en los nuevos tiempos y evitar en lo posible la dependencia energética, se está proyectando la instalación de una Planta Fotovoltaica cuya finalidad es reducir los importantes costes energéticos al que está sometido todo el sistema económico del país y que afecta de una manera muy importante a las comunidades de regantes.&nbsp; &nbsp;</p>

<p>La Comunidad de Regantes Santa María Magdalena está formada por fincas agrícolas pertenecientes a los términos municipales de Mengíbar, Cazalilla y Jaén cuya superficie asciende&hellip;</p>
